15429377 a composite number?
False
Is 27954193 a prime number?
True
Is 387818321 composite?
True
Is 540528598 composite?
True
Is 150291991 a prime number?
False
Is 70262117 a composite number?
True
Is 21580627 a prime number?
False
Is 1693303 composite?
False
Is 5500463 a prime number?
True
Is 38762517 composite?
True
Is 98454911 a prime number?
True
Is 7301071 composite?
False
Is 15670633 prime?
False
Is 30815861 prime?
True
Is 88888015 a composite number?
True
Is 57010601 a prime number?
True
Is 3826603 a composite number?
True
Is 131474839 a composite number?
True
Is 10371541 a composite number?
False
Is 249535621 a composite number?
False
Is 327993 a prime number?
False
Is 2835253 composite?
False
Is 90086593 a composite number?
False
Is 3784309 a prime number?
True
Is 258077426 a prime number?
False
Is 9970514 a composite number?
True
Is 226307 prime?
True
Is 3585809 a prime number?
True
Is 166308227 a composite number?
True
Is 4076789 a composite number?
True
Is 90927173 a prime number?
False
Is 578399 a prime number?
True
Is 221369029 a prime number?
False
Is 12597643 prime?
True
Is 53521067 a composite number?
False
Is 315906323 prime?
True
Is 11928473 prime?
True
Is 6751145 a composite number?
True
Is 8528399 prime?
False
Is 112363913 a prime number?
False
Is 291143 prime?
True
Is 165257263 a prime number?
True
Is 4233037 composite?
True
Is 612097 prime?
False
Is 3971963 prime?
True
Is 23229961 composite?
False
Is 15238997 a composite number?
False
Is 6174631 prime?
True
Is 45054077 a prime number?
True
Is 1147697 composite?
False
Is 5619359 prime?
False
Is 5059651 prime?
True
Is 181264969 a composite number?
True
Is 290111867 a prime number?
True
Is 9387031 a composite number?
False
Is 8917943 a composite number?
True
Is 4061951 a prime number?
True
Is 1179379 prime?
True
Is 335420893 composite?
False
Is 2103719 prime?
True
Is 14419939 a prime number?
True
Is 2826979 a prime number?
True
Is 577979 prime?
True
Is 294563 a composite number?
False
Is 6610711 a composite number?
False
Is 51751 a composite number?
True
Is 15862201 prime?
True
Is 197562927 composite?
True
Is 1422877 a prime number?
True
Is 5387813 prime?
True
Is 95359139 composite?
True
Is 1880567 composite?
True
Is 6310021 prime?
False
Is 1898227 a prime number?
True
Is 813643 a prime number?
False
Is 12689153 composite?
True
Is 1119262 composite?
True
Is 63448867 composite?
False
Is 1492703 a composite number?
False
Is 22390003 prime?
False
Is 8323291 a prime number?
True
Is 1711427 prime?
True
Is 3990187 composite?
False
Is 2560067 a composite number?
True
Is 600872551 prime?
True
Is 2508041 a composite number?
False
Is 4997155 a composite number?
True
Is 2388863 composite?
False
Is 25681345 a prime number?
False
Is 2743541 composite?
False
Is 151758041 a prime number?
True
Is 603205495 composite?
True
Is 8457577 prime?
True
Is 4795433 a prime number?
True
Is 1811311 a composite number?
True
Is 88760831 a prime number?
True
Is 139028998 composite?
True
Is 9885437 prime?
True
Is 945851 composite?
False
Is 63752497 prime?
True
Is 2190959 composite?
False
Is 39277267 composite?
True
Is 13132671 a prime number?
False
Is 12458361 composite?
True
Is 89317001 prime?
False
Is 124928609 prime?
False
Is 24126001 a prime number?
True
Is 673349 a composite number?
False
Is 1949309 composite?
False
Is 408337 a prime number?
True
Is 230700023 a prime number?
True
Is 24158591 a prime number?
True
Is 244375037 a composite number?
True
Is 6715469 a composite number?
False
Is 2524853 prime?
False
Is 19429669 prime?
False
Is 2988782 a composite number?
True
Is 2649373 a prime number?
False
Is 1518443 a composite number?
True
Is 10947161 composite?
True
Is 1036611877 composite?
True
Is 5105713 a prime number?
False
Is 47798313 composite?
True
Is 21468899 prime?
True
Is 405487 a composite number?
False
Is 30026093 composite?
True
Is 2580401 composite?
False
Is 161333 prime?
True
Is 204601153 a composite number?
False
Is 103831729 a prime number?
False
Is 309563 a composite number?
True
Is 127551871 composite?
False
Is 53875483 a prime number?
True
Is 7740371 composite?
False
Is 696842681 a prime number?
False
Is 7834091 a composite number?
False
Is 7446787 a prime number?
False
Is 8912783 prime?
False
Is 160837949 a prime number?
True
Is 9366397 a prime number?
True
Is 2254957 a prime number?
False
Is 22582247 prime?
False
Is 3659 prime?
True
Is 22748657 a prime number?
False
Is 26804593 a composite number?
False
Is 8595379 composite?
True
Is 1740499 composite?
False
Is 14375573 a composite number?
True
Is 3694547 a prime number?
True
Is 14353789 a composite number?
False
Is 302599 composite?
True
Is 360541 a prime number?
True
Is 23355257 a composite number?
False
Is 1445657 prime?
True
Is 4102687 prime?
True
Is 3535249 a prime number?
False
Is 14393597 composite?
False
Is 41172533 a composite number?
True
Is 5474371 composite?
True
Is 35737439 a composite number?
True
Is 20165419 a composite number?
False
Is 805623221 a composite number?
True
Is 32922957 prime?
False
Is 54920289 a prime number?
False
Is 121195271 composite?
False
Is 2809603 a prime number?
True
Is 60378671 composite?
False
Is 6827729 a prime number?
True
Is 43520263 prime?
True
Is 189762293 a composite number?
True
Is 668959 a prime number?
True
Is 12179179 a composite number?
True
Is 317159 a composite number?
False
Is 599091 prime?
False
Is 85730653 composite?
False
Is 217311859 a composite number?
True
Is 4822406 a prime number?
False
Is 4551601 composite?
False
Is 37664171 a composite number?
True
Is 5348851 composite?
True
Is 20392711 a composite number?
True
Is 352663 composite?
True
Is 833449 composite?
False
Is 48548873 a composite number?
False
Is 1233539 composite?
False
Is 7856969 prime?
True
Is 2527753 prime?
True
Is 62747 a prime number?
False
Is 449116967 a prime number?
False
Is 92487371 a prime number?
True
Is 976699 composite?
False
Is 1764453 a prime number?
False
Is 4023949 composite?
True
Is 185809 a prime number?
False
Is 6111107 prime?
False
Is 395397017 prime?
True
Is 27458827 composite?
True
Is 44466163 composite?
True
Is 58042463 prime?
True
Is 13417441 prime?
False
Is 5285053 composite?
False
Is 3711371 a composite number?
False
Is 173334309 composite?
True
Is 536883619 prime?
False
Is 16095031 composite?
False
Is 6064237 composite?
True
Is 378898447 a composite number?
False
Is 119554154 composite?
True
Is 84576335 prime?
False
Is 41574803 composite?
True
Is 1755287 prime?
True
Is 20212151 composite?
False
Is 550503497 composite?
True
Is 14615213 a prime number?
False
Is 3752381 a prime number?
False
Is 802555881 prime?
False
Is 983207 composite?
True
Is 1061653 a composite number?
True
Is 267187 a composite number?
False
Is 75691351 a composite number?
False
Is 442721 composite?
False
Is 43762 composite?
True
Is 192313129 prime?
False
Is 9474241 prime?
False
Is 13763317 a prime number?
True
Is 22198591 a prime number?
True
Is 23252389 prime?
False
Is 77117 prime?
False
Is 1185817 composite?
False
Is 9025543 a prime number?
True
Is 195071 a prime number?
True
Is 20450567 prime?
True
Is 408199634 composite?
True
Is 56271053 composite?
False
Is 7079141 prime?
False
Is 81474053 a composite number?
True
Is 818005 a composite number?
True
Is 1863469 prime?
False
Is 669356071 a prime number?
True
Is 66793 prime?
False
Is 2266903 a prime number?
False
Is 46467847 composite?
False
Is 7629359 a prime number?
True
Is 313447 prime?
False
Is 9709597 a composite number?
False
Is 1075382641 composite?
True
Is 3327787 a composite number?
False
Is 2067755 a composite number?
True
Is 480755957 a composite number?
True
Is 206196577 a composite number?
True
Is 9337483 prime?
False
Is 2271593 prime?
True
Is 1658252117 composite?
False
Is 92972423 prime?
True
Is 17950007 a prime number?
False
Is 339254679 a prime number?
False
Is 10179007 prime?
True
Is 7601597 prime?
True
Is 3605647 a composite number?
False
Is 74458347 a prime number?
False
Is 4711177 composite?
True
Is 62642747 a prime number?
False
Is 20850821 a composite number?
True
Is 27307607 a composite number?
False
Is 627293 composite?
False
Is 3373997 prime?
False
Is 38626331 composite?
False
Is 3058093 prime?
False
Is 35059591 composite?
True
Is 57